{"id":78,"date":"2022-06-27T18:21:14","date_gmt":"2022-06-27T16:21:14","guid":{"rendered":"https:\/\/anouk-naggiar.fr\/?page_id=78"},"modified":"2022-07-01T17:56:55","modified_gmt":"2022-07-01T15:56:55","slug":"psychotherapeute","status":"publish","type":"page","link":"https:\/\/anouk-naggiar.fr\/?page_id=78","title":{"rendered":"Psychoth\u00e9rapeute"},"content":{"rendered":"\t\t<div data-elementor-type=\"wp-page\" data-elementor-id=\"78\" class=\"elementor elementor-78\">\n\t\t\t\t\t\t\t\t\t<section class=\"elementor-section elementor-top-section elementor-element elementor-element-6fc26f67 elementor-section-boxed elementor-section-height-default elementor-section-height-default\" data-id=\"6fc26f67\" data-element_type=\"section\" data-settings=\"{&quot;background_background&quot;:&quot;gradient&quot;}\">\n\t\t\t\t\t\t<div class=\"elementor-container elementor-column-gap-default\">\n\t\t\t\t\t<div class=\"elementor-column elementor-col-100 elementor-top-column elementor-element elementor-element-3db61398\" data-id=\"3db61398\" data-element_type=\"column\">\n\t\t\t<div class=\"elementor-widget-wrap elementor-element-populated\">\n\t\t\t\t\t\t\t\t<div class=\"elementor-element elementor-element-6f9accff elementor-widget elementor-widget-heading\" data-id=\"6f9accff\" data-element_type=\"widget\" data-widget_type=\"heading.default\">\n\t\t\t\t<div class=\"elementor-widget-container\">\n\t\t\t<style>\/*! elementor - v3.6.6 - 08-06-2022 *\/\n.elementor-heading-title{padding:0;margin:0;line-height:1}.elementor-widget-heading .elementor-heading-title[class*=elementor-size-]>a{color:inherit;font-size:inherit;line-height:inherit}.elementor-widget-heading .elementor-heading-title.elementor-size-small{font-size:15px}.elementor-widget-heading .elementor-heading-title.elementor-size-medium{font-size:19px}.elementor-widget-heading .elementor-heading-title.elementor-size-large{font-size:29px}.elementor-widget-heading .elementor-heading-title.elementor-size-xl{font-size:39px}.elementor-widget-heading .elementor-heading-title.elementor-size-xxl{font-size:59px}<\/style><h1 class=\"elementor-heading-title elementor-size-default\">L\u00e0 pour vous<\/h1>\t\t<\/div>\n\t\t\t\t<\/div>\n\t\t\t\t<div class=\"elementor-element elementor-element-136e644 elementor-widget elementor-widget-text-editor\" data-id=\"136e644\" data-element_type=\"widget\" data-widget_type=\"text-editor.default\">\n\t\t\t\t<div class=\"elementor-widget-container\">\n\t\t\t<style>\/*! elementor - v3.6.6 - 08-06-2022 *\/\n.elementor-widget-text-editor.elementor-drop-cap-view-stacked .elementor-drop-cap{background-color:#818a91;color:#fff}.elementor-widget-text-editor.elementor-drop-cap-view-framed .elementor-drop-cap{color:#818a91;border:3px solid;background-color:transparent}.elementor-widget-text-editor:not(.elementor-drop-cap-view-default) .elementor-drop-cap{margin-top:8px}.elementor-widget-text-editor:not(.elementor-drop-cap-view-default) .elementor-drop-cap-letter{width:1em;height:1em}.elementor-widget-text-editor .elementor-drop-cap{float:left;text-align:center;line-height:1;font-size:50px}.elementor-widget-text-editor .elementor-drop-cap-letter{display:inline-block}<\/style>\t\t\t\t<p><span style=\"font-weight: 400;\">Une psychoth\u00e9rapie de qualit\u00e9 adapt\u00e9e \u00e0 vos besoins et sans jugement<\/span><\/p>\t\t\t\t\t\t<\/div>\n\t\t\t\t<\/div>\n\t\t\t\t\t<\/div>\n\t\t<\/div>\n\t\t\t\t\t\t\t<\/div>\n\t\t<\/section>\n\t\t\t\t<section class=\"elementor-section elementor-top-section elementor-element elementor-element-64e2395e elementor-section-boxed elementor-section-height-default elementor-section-height-default\" data-id=\"64e2395e\" data-element_type=\"section\">\n\t\t\t\t\t\t<div class=\"elementor-container elementor-column-gap-default\">\n\t\t\t\t\t<div class=\"elementor-column elementor-col-50 elementor-top-column elementor-element elementor-element-75dbe1bc\" data-id=\"75dbe1bc\" data-element_type=\"column\">\n\t\t\t<div class=\"elementor-widget-wrap elementor-element-populated\">\n\t\t\t\t\t\t\t\t<div class=\"elementor-element elementor-element-1e8a2b10 elementor-widget elementor-widget-heading\" data-id=\"1e8a2b10\" data-element_type=\"widget\" data-widget_type=\"heading.default\">\n\t\t\t\t<div class=\"elementor-widget-container\">\n\t\t\t<h3 class=\"elementor-heading-title elementor-size-default\">\u00c0 l'\u00e9coute<\/h3>\t\t<\/div>\n\t\t\t\t<\/div>\n\t\t\t\t<div class=\"elementor-element elementor-element-1d4446de elementor-widget elementor-widget-text-editor\" data-id=\"1d4446de\" data-element_type=\"widget\" data-widget_type=\"text-editor.default\">\n\t\t\t\t<div class=\"elementor-widget-container\">\n\t\t\t\t\t\t\t<p><span style=\"font-weight: 400;\">Vous \u00eates en demande d\u2019une \u00e9coute neutre et bienveillante, de conseils ou d\u2019un soutien psychologique ? Mme Anouk Naggiar re\u00e7oit dans son cabinet situ\u00e9 \u00e0 Paris 9e, aux abords de Paris 17e, Paris 8e et Paris 18e pour \u00e9voquer vos difficult\u00e9s et d\u00e9finir les modalit\u00e9s d\u2019une psychoth\u00e9rapie adapt\u00e9e \u00e0 vos besoins et \u00e0 vos troubles. Le cabinet accueille aussi bien les adolescents, avec leurs parents ou en s\u00e9ance individuelle, que les adultes ou les couples. <\/span><\/p>\t\t\t\t\t\t<\/div>\n\t\t\t\t<\/div>\n\t\t\t\t<div class=\"elementor-element elementor-element-6bcdfb6 elementor-widget elementor-widget-heading\" data-id=\"6bcdfb6\" data-element_type=\"widget\" data-widget_type=\"heading.default\">\n\t\t\t\t<div class=\"elementor-widget-container\">\n\t\t\t<h4 class=\"elementor-heading-title elementor-size-default\">Un suivi personnalis\u00e9<\/h4>\t\t<\/div>\n\t\t\t\t<\/div>\n\t\t\t\t<div class=\"elementor-element elementor-element-49603bdf elementor-widget elementor-widget-text-editor\" data-id=\"49603bdf\" data-element_type=\"widget\" data-widget_type=\"text-editor.default\">\n\t\t\t\t<div class=\"elementor-widget-container\">\n\t\t\t\t\t\t\t<p><span style=\"font-weight: 400;\">La psychoth\u00e9rapie vous permettra \u00e9galement d\u2019\u00eatre en mesure d\u2019affronter de nouveau une situation donn\u00e9e pour r\u00e9agir positivement et vous lib\u00e9rer des censures et des non-dits, notamment ceux qui sont li\u00e9s au monde de l\u2019enfance. La psychoth\u00e9rapie d\u00e9coule de la psychanalyse. Elle est indiqu\u00e9e pour comprendre les origines de votre mal-\u00eatre ou pour vous permettre de surmonter un probl\u00e8me persistant qui rend votre quotidien difficile.<\/span><\/p>\t\t\t\t\t\t<\/div>\n\t\t\t\t<\/div>\n\t\t\t\t<div class=\"elementor-element elementor-element-7e7982fb elementor-widget elementor-widget-text-editor\" data-id=\"7e7982fb\" data-element_type=\"widget\" data-widget_type=\"text-editor.default\">\n\t\t\t\t<div class=\"elementor-widget-container\">\n\t\t\t\t\t\t\t<p><span style=\"font-weight: 400;\">\u2022 Le cabinet de Mme Anouk Naggiar prend en charge vos troubles psychiques et vous propose diff\u00e9rentes approches de soin en fonction de vos besoins.<\/span><\/p>\t\t\t\t\t\t<\/div>\n\t\t\t\t<\/div>\n\t\t\t\t\t<\/div>\n\t\t<\/div>\n\t\t\t\t<div class=\"elementor-column elementor-col-50 elementor-top-column elementor-element elementor-element-191c9b21\" data-id=\"191c9b21\" data-element_type=\"column\">\n\t\t\t<div class=\"elementor-widget-wrap elementor-element-populated\">\n\t\t\t\t\t\t\t\t<div class=\"elementor-element elementor-element-90f1309 elementor-widget elementor-widget-image\" data-id=\"90f1309\" data-element_type=\"widget\" data-widget_type=\"image.default\">\n\t\t\t\t<div class=\"elementor-widget-container\">\n\t\t\t<style>\/*! elementor - v3.6.6 - 08-06-2022 *\/\n.elementor-widget-image{text-align:center}.elementor-widget-image a{display:inline-block}.elementor-widget-image a img[src$=\".svg\"]{width:48px}.elementor-widget-image img{vertical-align:middle;display:inline-block}<\/style>\t\t\t\t\t\t\t\t\t\t\t\t<img width=\"768\" height=\"1024\" src=\"https:\/\/anouk-naggiar.fr\/wp-content\/uploads\/2022\/06\/WhatsApp-Image-2022-06-26-at-23.10.00-2.jpeg\" class=\"attachment-large size-large\" alt=\"\" loading=\"lazy\" srcset=\"https:\/\/anouk-naggiar.fr\/wp-content\/uploads\/2022\/06\/WhatsApp-Image-2022-06-26-at-23.10.00-2.jpeg 768w, https:\/\/anouk-naggiar.fr\/wp-content\/uploads\/2022\/06\/WhatsApp-Image-2022-06-26-at-23.10.00-2-225x300.jpeg 225w\" sizes=\"(max-width: 768px) 100vw, 768px\" \/>\t\t\t\t\t\t\t\t\t\t\t\t\t\t\t<\/div>\n\t\t\t\t<\/div>\n\t\t\t\t\t<\/div>\n\t\t<\/div>\n\t\t\t\t\t\t\t<\/div>\n\t\t<\/section>\n\t\t\t\t<section class=\"elementor-section elementor-top-section elementor-element elementor-element-865ed6c elementor-section-boxed elementor-section-height-default elementor-section-height-default\" data-id=\"865ed6c\" data-element_type=\"section\">\n\t\t\t\t\t\t<div class=\"elementor-container elementor-column-gap-default\">\n\t\t\t\t\t<div class=\"elementor-column elementor-col-100 elementor-top-column elementor-element elementor-element-bf335d0\" data-id=\"bf335d0\" data-element_type=\"column\">\n\t\t\t<div class=\"elementor-widget-wrap elementor-element-populated\">\n\t\t\t\t\t\t\t\t<div class=\"elementor-element elementor-element-2ad4b4c elementor-widget elementor-widget-heading\" data-id=\"2ad4b4c\" data-element_type=\"widget\" data-widget_type=\"heading.default\">\n\t\t\t\t<div class=\"elementor-widget-container\">\n\t\t\t<h4 class=\"elementor-heading-title elementor-size-default\">Une th\u00e9rapie d\u2019inspiration analytique avec une professionnelle de l\u2019\u00e9coute<\/h4>\t\t<\/div>\n\t\t\t\t<\/div>\n\t\t\t\t<div class=\"elementor-element elementor-element-e4f0f33 elementor-widget elementor-widget-text-editor\" data-id=\"e4f0f33\" data-element_type=\"widget\" data-widget_type=\"text-editor.default\">\n\t\t\t\t<div class=\"elementor-widget-container\">\n\t\t\t\t\t\t\t<p><span style=\"font-weight: 400;\">Vous pr\u00e9sentez des troubles psychiques ponctuels ou chroniques, un mal-\u00eatre ou une souffrance int\u00e9rieure inexpliqu\u00e9e ? Une th\u00e9rapie verbale de soutien et d\u2019inspiration analytique peut \u00eatre pr\u00e9conis\u00e9e.\u00a0<\/span><\/p><p><span style=\"font-weight: 400;\">En qualit\u00e9 de psychologue clinicienne, dans un premier temps la (ou les) s\u00e9ance(s) permet(tent) d\u2019\u00e9tablir une relation de confiance avec le patient, conna\u00eetre son histoire, son environnement, cerner sa personnalit\u00e9.<\/span><\/p><p><span style=\"font-weight: 400;\">Au cours d\u2019une s\u00e9ance d\u2019\u00e9valuation, seront recherch\u00e9s la nature, les causes et les effets de votre d\u00e9tresse personnelle ainsi que les facteurs psychologiques associ\u00e9s aux troubles physiques, \u00e9motionnels, comportementaux ou nerveux afin de r\u00e9tablir votre \u00e9quilibre.\u00a0 Elle repose sur la recherche des sympt\u00f4mes qui sont l\u2019expression d\u2019un conflit psychique inaccessible \u00e0 votre conscience.<\/span><\/p><p><i><span style=\"font-weight: 400;\">\u00a0\u00c0 partir d\u2019un \u00e9change verbal en face \u00e0 face, la th\u00e9rapeute est \u00e0 votre l\u2019\u00e9coute de votre logos et de vos r\u00eaves, leurs interpr\u00e9tations \u00e9tant un acc\u00e8s \u00e0 l\u2019inconscient.<\/span><\/i><\/p>\t\t\t\t\t\t<\/div>\n\t\t\t\t<\/div>\n\t\t\t\t\t<\/div>\n\t\t<\/div>\n\t\t\t\t\t\t\t<\/div>\n\t\t<\/section>\n\t\t\t\t\t\t\t<\/div>\n\t\t","protected":false},"excerpt":{"rendered":"<p>L\u00e0 pour vous Une psychoth\u00e9rapie de qualit\u00e9 adapt\u00e9e \u00e0 vos besoins et sans jugement \u00c0 l&rsquo;\u00e9coute Vous \u00eates en demande d\u2019une \u00e9coute neutre et bienveillante, de conseils ou d\u2019un soutien psychologique ? Mme Anouk Naggiar re\u00e7oit dans son cabinet situ\u00e9 \u00e0 Paris 9e, aux abords de Paris 17e, Paris 8e et Paris 18e pour \u00e9voquer [&hellip;]<\/p>\n","protected":false},"author":1,"featured_media":0,"parent":0,"menu_order":0,"comment_status":"closed","ping_status":"closed","template":"elementor_header_footer","meta":[],"_links":{"self":[{"href":"https:\/\/anouk-naggiar.fr\/index.php?rest_route=\/wp\/v2\/pages\/78"}],"collection":[{"href":"https:\/\/anouk-naggiar.fr\/index.php?rest_route=\/wp\/v2\/pages"}],"about":[{"href":"https:\/\/anouk-naggiar.fr\/index.php?rest_route=\/wp\/v2\/types\/page"}],"author":[{"embeddable":true,"href":"https:\/\/anouk-naggiar.fr\/index.php?rest_route=\/wp\/v2\/users\/1"}],"replies":[{"embeddable":true,"href":"https:\/\/anouk-naggiar.fr\/index.php?rest_route=%2Fwp%2Fv2%2Fcomments&post=78"}],"version-history":[{"count":61,"href":"https:\/\/anouk-naggiar.fr\/index.php?rest_route=\/wp\/v2\/pages\/78\/revisions"}],"predecessor-version":[{"id":631,"href":"https:\/\/anouk-naggiar.fr\/index.php?rest_route=\/wp\/v2\/pages\/78\/revisions\/631"}],"wp:attachment":[{"href":"https:\/\/anouk-naggiar.fr\/index.php?rest_route=%2Fwp%2Fv2%2Fmedia&parent=78"}],"curies":[{"name":"wp","href":"https:\/\/api.w.org\/{rel}","templated":true}]}}